{"version":"1.0","provider_name":"Babci","provider_url":"https:\/\/huszarkriszta.cafeblog.hu","author_name":"Krisztina Husz\u00e1r","author_url":"https:\/\/huszarkriszta.cafeblog.hu\/author\/huszarkriszta1976gmail-com\/","title":"Nyuszibaba","html":"Nyuszibaba m\u00e9g H\u00fasv\u00e9t el\u0151tt k\u00e9sz\u00fclt.\r\n\r\nTulajdonk\u00e9ppen egy helyes kis Babci aki nyuszioverallt kapott. Ruh\u00e1csk\u00e1ja levehet\u0151 .\r\n\r\nBe is neveztem a gy\u0151ri Babaki\u00e1ll\u00edt\u00e1sra ahol a Kiss \u00c1ron J\u00e1t\u00e9kt\u00e1rsas\u00e1g k\u00fcl\u00f6nd\u00edj\u00e1ban r\u00e9szes\u00fclt. :)\r\n\r\n&nbsp;\r\n\r\n<a href=\"https:\/\/huszarkriszta.cafeblog.hu\/files\/2014\/07\/nyuszibaba2.jpg\"><img class=\"aligncenter size-medium wp-image-74\" src=\"https:\/\/huszarkriszta.cafeblog.hu\/files\/2014\/07\/nyuszibaba2-225x300.jpg\" alt=\"nyuszibaba2\" width=\"225\" height=\"300\" \/><\/a>\r\n\r\n<a href=\"https:\/\/huszarkriszta.cafeblog.hu\/files\/2014\/07\/nyuszibabad\u00edjazott.jpg\"><img class=\"aligncenter size-medium wp-image-75\" src=\"https:\/\/huszarkriszta.cafeblog.hu\/files\/2014\/07\/nyuszibabad\u00edjazott-225x300.jpg\" alt=\"nyuszibabad\u00edjazott\" width=\"225\" height=\"300\" \/><\/a>","type":"rich","thumbnail_url":"https:\/\/huszarkriszta.cafeblog.hu\/files\/2014\/07\/nyuszibabad\u00edjazott-150x150.jpg","thumbnail_width":150,"thumbnail_height":150}

Krisztina Huszár

Nyuszibaba még Húsvét előtt készült.

Tulajdonképpen egy helyes kis Babci aki nyuszioverallt kapott. Ruhácskája levehető .

Be is neveztem a győri Babakiállításra ahol a Kiss Áron Játéktársaság különdíjában részesült. :)

&nbsp;

<a href="https://huszarkriszta.cafeblog.hu/files/2014/07/nyuszibaba2.jpg"><img class="aligncenter size-medium wp-image-74" src="https://huszarkriszta.cafeblog.hu/files/2014/07/nyuszibaba2-225x300.jpg" alt="nyuszibaba2" width="225" height="300" /></a>

<a href="https://huszarkriszta.cafeblog.hu/files/2014/07/nyuszibabadíjazott.jpg"><img class="aligncenter size-medium wp-image-75" src="https://huszarkriszta.cafeblog.hu/files/2014/07/nyuszibabadíjazott-225x300.jpg" alt="nyuszibabadíjazott" width="225" height="300" /></a>

https://huszarkriszta.cafeblog.hu/files/2014/07/nyuszibabadíjazott-150x150.jpg
