{"version":"1.0","provider_name":"Babci","provider_url":"https:\/\/huszarkriszta.cafeblog.hu","author_name":"Krisztina Husz\u00e1r","author_url":"https:\/\/huszarkriszta.cafeblog.hu\/author\/huszarkriszta1976gmail-com\/","title":"Cirmike","html":"<p>Egy kis kihagy\u00e1s ut\u00e1n ism\u00e9t vagyok :)<\/p>\r\n<p>S\u0171r\u0171re siker\u00fclt a december :) , t\u00fal vagyok \u00e9letem els\u0151 komolyabb ki\u00e1ll\u00edt\u00e1s\u00e1n.<\/p>\r\n<p>Nagy \u00f6r\u00f6m\u00f6mre nagyon j\u00f3 visszhangja lett .<\/p>\r\n<p>Nemsok\u00e1ra hozok r\u00f3la k\u00e9peket. \u00a0<\/p>\r\n<p>&nbsp;<\/p>\r\n<p>Na de a mai bejegyz\u00e9sem aprop\u00f3ja , hogy megmutassam a cicusk\u00e1kat , \u00fagy Babcisan .<\/p>\r\n<p>&nbsp;<\/p>\r\n<p><a href=\"https:\/\/huszarkriszta.cafeblog.hu\/files\/2015\/01\/Cicuska.jpg\"><img class=\"aligncenter size-medium wp-image-200\" src=\"https:\/\/huszarkriszta.cafeblog.hu\/files\/2015\/01\/Cicuska-225x300.jpg\" alt=\"Cicuska\" width=\"225\" height=\"300\" \/><\/a><\/p>\r\n<p><a href=\"https:\/\/huszarkriszta.cafeblog.hu\/files\/2015\/01\/kand\u00farka1.jpg\"><img class=\"aligncenter size-medium wp-image-202\" src=\"https:\/\/huszarkriszta.cafeblog.hu\/files\/2015\/01\/kand\u00farka1-225x300.jpg\" alt=\"kand\u00farka\" width=\"225\" height=\"300\" \/><\/a><\/p>","type":"rich","thumbnail_url":"https:\/\/huszarkriszta.cafeblog.hu\/files\/2015\/01\/Cicuska-150x150.jpg","thumbnail_width":150,"thumbnail_height":150}

Krisztina Huszár

<p>Egy kis kihagyás után ismét vagyok :)</p>
<p>Sűrűre sikerült a december :) , túl vagyok életem első komolyabb kiállításán.</p>
<p>Nagy örömömre nagyon jó visszhangja lett .</p>
<p>Nemsokára hozok róla képeket.  </p>
<p>&nbsp;</p>
<p>Na de a mai bejegyzésem apropója , hogy megmutassam a cicuskákat , úgy Babcisan .</p>
<p>&nbsp;</p>
<p><a href="https://huszarkriszta.cafeblog.hu/files/2015/01/Cicuska.jpg"><img class="aligncenter size-medium wp-image-200" src="https://huszarkriszta.cafeblog.hu/files/2015/01/Cicuska-225x300.jpg" alt="Cicuska" width="225" height="300" /></a></p>
<p><a href="https://huszarkriszta.cafeblog.hu/files/2015/01/kandúrka1.jpg"><img class="aligncenter size-medium wp-image-202" src="https://huszarkriszta.cafeblog.hu/files/2015/01/kandúrka1-225x300.jpg" alt="kandúrka" width="225" height="300" /></a></p>
