{"version":"1.0","provider_name":"Babci","provider_url":"https:\/\/huszarkriszta.cafeblog.hu","author_name":"Krisztina Husz\u00e1r","author_url":"https:\/\/huszarkriszta.cafeblog.hu\/author\/huszarkriszta1976gmail-com\/","title":"Babusgat\u00f3","html":"<p>Ut\u00f3bbi id\u0151ben \u00fajabb Babcikon dolgoztam, babusgat\u00f3knak kereszteltem ezt a t\u00edpus\u00fa bab\u00e1t, mivel a test babusgat\u00e1sra lett tervezve. :) Az eg\u00e9sz baba kialak\u00edt\u00e1sa olyan, hogy aki a kez\u00e9be veszi ,\u00f6nk\u00e9ntelen\u00fcl ringassa, babusgassa :)\u00a0<\/p>\r\n<p>M\u00e1r r\u00e9gebben is k\u00e9sz\u00fclt bel\u0151le n\u00e9h\u00e1ny darab, de most forrta ki mag\u00e1t igaz\u00e1n . \u00a0<\/p>\r\n<p>\u00c9rdekes jelens\u00e9get figyeltek meg , m\u00e9gpedig azt, hogy nem mindegy milyen bab\u00e1t adunk a kicsik kez\u00e9be. A bab\u00e1sabb, emberibb , s\u0151t gyermekibb bab\u00e1kat gondozz\u00e1k, dajk\u00e1lj\u00e1k. M\u00e9g a Barbie is haszn\u00e1lhat\u00f3 csal\u00e1diasabb j\u00e1t\u00e9kokra, de a most divatoss\u00e1 v\u00e1lt boszork\u00e1ny \u00e9s p\u00f3ni stb. bab\u00e1kkal pl\u00e1z\u00e1znak ......Ez az\u00e9rt elgondolkodtat\u00f3.....<\/p>\r\n<p>Sz\u00f3val mutatom az \u00fajdos(z)\u00fclt<\/p>\r\n<p><a href=\"https:\/\/huszarkriszta.cafeblog.hu\/files\/2015\/02\/log\u00f3s-r\u00f3zsasz\u00edn-Babci.jpg\"><img class=\"aligncenter size-medium wp-image-208\" src=\"https:\/\/huszarkriszta.cafeblog.hu\/files\/2015\/02\/log\u00f3s-r\u00f3zsasz\u00edn-Babci-225x300.jpg\" alt=\"log\u00f3s r\u00f3zsasz\u00edn Babci\" width=\"225\" height=\"300\" \/><\/a><\/p>\r\n<p>&nbsp;<\/p>\r\n<p><a href=\"https:\/\/huszarkriszta.cafeblog.hu\/files\/2015\/02\/babcitestv\u00e9rek.jpg\"><br \/><\/a><a href=\"https:\/\/huszarkriszta.cafeblog.hu\/files\/2015\/02\/Babci-lila.jpg\"><img class=\"aligncenter size-medium wp-image-209\" src=\"https:\/\/huszarkriszta.cafeblog.hu\/files\/2015\/02\/Babci-lila-225x300.jpg\" alt=\"Babci lila\" width=\"225\" height=\"300\" \/><\/a><\/p>\r\n<p><a href=\"https:\/\/huszarkriszta.cafeblog.hu\/files\/2015\/02\/babcitestv\u00e9rek.jpg\"><img class=\"aligncenter size-medium wp-image-205\" src=\"https:\/\/huszarkriszta.cafeblog.hu\/files\/2015\/02\/babcitestv\u00e9rek-300x225.jpg\" alt=\"babcitestv\u00e9rek\" width=\"300\" height=\"225\" \/><\/a><\/p>","type":"rich","thumbnail_url":"https:\/\/huszarkriszta.cafeblog.hu\/files\/2015\/02\/babcitestv\u00e9rek-150x150.jpg","thumbnail_width":150,"thumbnail_height":150}

Krisztina Huszár

Babusgató

<p>Utóbbi időben újabb Babcikon dolgoztam, babusgatóknak kereszteltem ezt a típusú babát, mivel a test babusgatásra lett tervezve. :) Az egész baba kialakítása olyan, hogy aki a kezébe veszi ,önkéntelenül ringassa, babusgassa :) </p>
<p>Már régebben is készült belőle néhány darab, de most forrta ki magát igazán .  </p>
<p>Érdekes jelenséget figyeltek meg , mégpedig azt, hogy nem mindegy milyen babát adunk a kicsik kezébe. A babásabb, emberibb , sőt gyermekibb babákat gondozzák, dajkálják. Még a Barbie is használható családiasabb játékokra, de a most divatossá vált boszorkány és póni stb. babákkal plázáznak ......Ez azért elgondolkodtató.....</p>
<p>Szóval mutatom az újdos(z)ült</p>
<p><a href="https://huszarkriszta.cafeblog.hu/files/2015/02/logós-rózsaszín-Babci.jpg"><img class="aligncenter size-medium wp-image-208" src="https://huszarkriszta.cafeblog.hu/files/2015/02/logós-rózsaszín-Babci-225x300.jpg" alt="logós rózsaszín Babci" width="225" height="300" /></a></p>
<p>&nbsp;</p>
<p><a href="https://huszarkriszta.cafeblog.hu/files/2015/02/babcitestvérek.jpg"><br /></a><a href="https://huszarkriszta.cafeblog.hu/files/2015/02/Babci-lila.jpg"><img class="aligncenter size-medium wp-image-209" src="https://huszarkriszta.cafeblog.hu/files/2015/02/Babci-lila-225x300.jpg" alt="Babci lila" width="225" height="300" /></a></p>
<p><a href="https://huszarkriszta.cafeblog.hu/files/2015/02/babcitestvérek.jpg"><img class="aligncenter size-medium wp-image-205" src="https://huszarkriszta.cafeblog.hu/files/2015/02/babcitestvérek-300x225.jpg" alt="babcitestvérek" width="300" height="225" /></a></p>

https://huszarkriszta.cafeblog.hu/files/2015/02/babcitestvérek-150x150.jpg
